{"id":498,"date":"2021-01-09T12:49:24","date_gmt":"2021-01-09T17:49:24","guid":{"rendered":"https:\/\/gpsites.co\/search\/?page_id=498"},"modified":"2024-07-31T13:44:53","modified_gmt":"2024-07-31T13:44:53","slug":"about","status":"publish","type":"page","link":"https:\/\/www.valiosconsultora.com.py\/web\/about\/","title":{"rendered":"Queremos que conozcas m\u00e1s sobre nosotros"},"content":{"rendered":"<div class=\"gb-container gb-container-aed942d4\"><div class=\"gb-inside-container\">\n<div class=\"gb-grid-wrapper gb-grid-wrapper-4e3d6dc6\">\n<div class=\"gb-grid-column gb-grid-column-b29d8c10\"><div class=\"gb-container gb-container-b29d8c10\"><div class=\"gb-inside-container\">\n\n<h2 class=\"gb-headline gb-headline-4326384b gb-headline-text\">Sobre Valios Consultora<\/h2>\n\n\n\n<p>Valios Consultora ofrece servicios profesionales de alta calidad respaldados por socios con m\u00e1s de 15 a\u00f1os de experiencia. Nuestras pr\u00e1cticas se ajustan al C\u00f3digo de \u00c9tica y se actualizan seg\u00fan las \u00faltimas innovaciones en Contabilidad, Medio Ambiente, Bienes Ra\u00edces, Asesor\u00eda Legal, Recursos Humanos, Tasaciones Inmobiliarias, Venta de Sociedades y Auditor\u00edas. Con una amplia trayectoria, brindamos confianza y excelencia a nuestros clientes.<\/p>\n\n\n\n<p><\/p>\n\n<\/div><\/div><\/div>\n\n<div class=\"gb-grid-column gb-grid-column-7d284102\"><div class=\"gb-container gb-container-7d284102\"><div class=\"gb-inside-container\"><\/div><\/div><\/div>\n<\/div>\n<\/div><\/div>\n\n<div class=\"gb-container gb-container-bd3c06a1\"><div class=\"gb-inside-container\">\n<div class=\"gb-grid-wrapper gb-grid-wrapper-121191a5\">\n<div class=\"gb-grid-column gb-grid-column-6efe09e1\"><div class=\"gb-container gb-container-6efe09e1 drop-shadow\"><div class=\"gb-inside-container\">\n<div class=\"gb-grid-wrapper gb-grid-wrapper-6acf746b\">\n<div class=\"gb-grid-column gb-grid-column-6bfd96f0\"><div class=\"gb-container gb-container-6bfd96f0\"><div class=\"gb-inside-container\">\n\n<h3 class=\"gb-headline gb-headline-25c444c8 gb-headline-text\">Directorio<\/h3>\n\n\n\n<figure class=\"wp-block-image size-large\"><img loading=\"lazy\" decoding=\"async\" width=\"1024\" height=\"682\" src=\"https:\/\/www.valiosconsultora.com.py\/web\/wp-content\/uploads\/2024\/07\/valios-05-1024x682.jpg\" alt=\"\" class=\"wp-image-2718\" srcset=\"https:\/\/www.valiosconsultora.com.py\/web\/wp-content\/uploads\/2024\/07\/valios-05-1024x682.jpg 1024w, https:\/\/www.valiosconsultora.com.py\/web\/wp-content\/uploads\/2024\/07\/valios-05-300x200.jpg 300w, https:\/\/www.valiosconsultora.com.py\/web\/wp-content\/uploads\/2024\/07\/valios-05-768x512.jpg 768w, https:\/\/www.valiosconsultora.com.py\/web\/wp-content\/uploads\/2024\/07\/valios-05-1536x1024.jpg 1536w, https:\/\/www.valiosconsultora.com.py\/web\/wp-content\/uploads\/2024\/07\/valios-05-2048x1365.jpg 2048w\" sizes=\"auto, (max-width: 1024px) 100vw, 1024px\" \/><figcaption class=\"wp-element-caption\">Presidente Ing. Daniel Roa y la Directora Lic. Rocio Genez.<\/figcaption><\/figure>\n\n<\/div><\/div><\/div>\n\n<div class=\"gb-grid-column gb-grid-column-91ccdf4a\"><div class=\"gb-container gb-container-91ccdf4a\"><div class=\"gb-inside-container\">\n\n<p class=\"gb-headline gb-headline-da8f57b4 gb-headline-text\"><\/p>\n\n\n\n<p><\/p>\n\n\n\n<p><p><br><br><\/p><p>Nos distinguimos por nuestro enfoque individualizado<br>y comprometido con cada cliente. En un mundo empresarial diverso y din\u00e1mico, reconocemos la singularidad de cada entidad y nos comprometemos con los desaf\u00edos que enfrentan. Nos enorgullece destacar que no aplicamos soluciones gen\u00e9ricas, sino que nos<br>sumergimos en la esencia de cada organizaci\u00f3n.<\/p><\/p>\n\n\n\n<p>Este profundo entendimiento nos permite dise\u00f1ar estrategias a medida que se alinean con la metas y valores de nuestros clientes.<\/p>\n\n<\/div><\/div><\/div>\n<\/div>\n\n\n<p>Constantemente nos esforzamos por la mejora continua, reconociendo que el entorno empresarial evoluciona continuamente. Nos adaptamos \u00e1gilmente a las cambiantes necesidades del mercado, manteni\u00e9ndonos a la vanguardia de las tendencias y tecnolog\u00edas emergentes. Esta flexibilidad nos permite proporcionar soluciones integrales e innovadoras que impulsan la productividad y permiten a nuestros clientes centrarse en lo que hacen mejor: dirigir y hacer crecer sus negocios.<\/p>\n\n\n\n<figure class=\"wp-block-image size-full\"><img loading=\"lazy\" decoding=\"async\" width=\"954\" height=\"198\" src=\"https:\/\/www.valiosconsultora.com.py\/web\/wp-content\/uploads\/2024\/02\/frase-directora-valios.png\" alt=\"\" class=\"wp-image-2602\" srcset=\"https:\/\/www.valiosconsultora.com.py\/web\/wp-content\/uploads\/2024\/02\/frase-directora-valios.png 954w, https:\/\/www.valiosconsultora.com.py\/web\/wp-content\/uploads\/2024\/02\/frase-directora-valios-300x62.png 300w, https:\/\/www.valiosconsultora.com.py\/web\/wp-content\/uploads\/2024\/02\/frase-directora-valios-768x159.png 768w\" sizes=\"auto, (max-width: 954px) 100vw, 954px\" \/><\/figure>\n\n\n<div class=\"gb-grid-wrapper gb-grid-wrapper-47f407ba\">\n<div class=\"gb-grid-column gb-grid-column-22fa6e15\"><div class=\"gb-container gb-container-22fa6e15\"><div class=\"gb-inside-container\">\n\n<h2 class=\"gb-headline gb-headline-3e14e1b8 gb-headline-text\">Nuestro equipo<\/h2>\n\n\n\n<p>Somos un equipo din\u00e1mico conformado por personales, altamente calificados con a\u00f1os de experiencia, junto con j\u00f3venes t\u00e9cnicos.<\/p>\n\n\n\n<p>Nos destacamos por nuestra pasi\u00f3n por la innovaci\u00f3n y<br>nuestro compromiso con la excelencia en cada proyecto que emprendemos. Juntos, nos esforzamos por superar las expectativas de nuestros clientes y marcar la diferencia en la industria.<\/p>\n\n\n\n<p><\/p>\n\n<\/div><\/div><\/div>\n\n<div class=\"gb-grid-column gb-grid-column-36785c75\"><div class=\"gb-container gb-container-36785c75\"><div class=\"gb-inside-container\"><\/div><\/div><\/div>\n<\/div>\n\n<div class=\"gb-button-wrapper gb-button-wrapper-38f0d6cb\">\n\n<span class=\"gb-button gb-button-9157d9b9\"><span class=\"gb-icon\"><svg xmlns=\"http:\/\/www.w3.org\/2000\/svg\" viewBox=\"0 0 448 512\" width=\"1em\" height=\"1em\" aria-hidden=\"true\"><path d=\"M224.1 141c-63.6 0-114.9 51.3-114.9 114.9s51.3 114.9 114.9 114.9S339 319.5 339 255.9 287.7 141 224.1 141zm0 189.6c-41.1 0-74.7-33.5-74.7-74.7s33.5-74.7 74.7-74.7 74.7 33.5 74.7 74.7-33.6 74.7-74.7 74.7zm146.4-194.3c0 14.9-12 26.8-26.8 26.8-14.9 0-26.8-12-26.8-26.8s12-26.8 26.8-26.8 26.8 12 26.8 26.8zm76.1 27.2c-1.7-35.9-9.9-67.7-36.2-93.9-26.2-26.2-58-34.4-93.9-36.2-37-2.1-147.9-2.1-184.9 0-35.8 1.7-67.6 9.9-93.9 36.1s-34.4 58-36.2 93.9c-2.1 37-2.1 147.9 0 184.9 1.7 35.9 9.9 67.7 36.2 93.9s58 34.4 93.9 36.2c37 2.1 147.9 2.1 184.9 0 35.9-1.7 67.7-9.9 93.9-36.2 26.2-26.2 34.4-58 36.2-93.9 2.1-37 2.1-147.8 0-184.8zM398.8 388c-7.8 19.6-22.9 34.7-42.6 42.6-29.5 11.7-99.5 9-132.1 9s-102.7 2.6-132.1-9c-19.6-7.8-34.7-22.9-42.6-42.6-11.7-29.5-9-99.5-9-132.1s-2.6-102.7 9-132.1c7.8-19.6 22.9-34.7 42.6-42.6 29.5-11.7 99.5-9 132.1-9s102.7-2.6 132.1 9c19.6 7.8 34.7 22.9 42.6 42.6 11.7 29.5 9 99.5 9 132.1s2.7 102.7-9 132.1z\" fill=\"currentColor\"><\/path><\/svg><\/span><\/span>\n\n\n\n<span class=\"gb-button gb-button-d8923913\"><span class=\"gb-icon\"><svg aria-hidden=\"true\" height=\"1em\" width=\"1em\" viewBox=\"0 0 448 512\" xmlns=\"http:\/\/www.w3.org\/2000\/svg\"><path fill=\"currentColor\" d=\"M100.28 448H7.4V148.9h92.88zM53.79 108.1C24.09 108.1 0 83.5 0 53.8a53.79 53.79 0 0 1 107.58 0c0 29.7-24.1 54.3-53.79 54.3zM447.9 448h-92.68V302.4c0-34.7-.7-79.2-48.29-79.2-48.29 0-55.69 37.7-55.69 76.7V448h-92.78V148.9h89.08v40.8h1.3c12.4-23.5 42.69-48.3 87.88-48.3 94 0 111.28 61.9 111.28 142.3V448z\"><\/path><\/svg><\/span><\/span>\n\n<\/div>\n<\/div><\/div><\/div>\n<\/div>\n<\/div><div class=\"gb-shapes\"><div class=\"gb-shape gb-shape-1\"><svg xmlns=\"http:\/\/www.w3.org\/2000\/svg\" viewBox=\"0 0 1200 100\" preserveAspectRatio=\"none\"><path d=\"M1200 100H0V0l400 77.2L1200 0z\"\/><\/svg><\/div><\/div><\/div>\n\n<div class=\"gb-container gb-container-6cb9ca27\"><div class=\"gb-inside-container\">\n\n<h2 class=\"gb-headline gb-headline-943da834 gb-headline-text\">Cont\u00e1ctanos<\/h2>\n\n\n<div class=\"gb-button-wrapper gb-button-wrapper-b0af0517\">\n\n<a class=\"gb-button gb-button-4826d41b gb-button-text\" href=\"https:\/\/www.valiosconsultora.com.py\/web\/contact\/\">Formulario de contacto<\/a>\n\n<\/div>\n<\/div><\/div>\n\n\n<p><\/p>\n","protected":false},"excerpt":{"rendered":"","protected":false},"author":1,"featured_media":0,"parent":0,"menu_order":0,"comment_status":"closed","ping_status":"closed","template":"","meta":{"_generate-full-width-content":"true","_monsterinsights_skip_tracking":false,"_monsterinsights_sitenote_active":false,"_monsterinsights_sitenote_note":"","_monsterinsights_sitenote_category":0,"footnotes":""},"class_list":["post-498","page","type-page","status-publish"],"aioseo_notices":[],"_links":{"self":[{"href":"https:\/\/www.valiosconsultora.com.py\/web\/wp-json\/wp\/v2\/pages\/498","targetHints":{"allow":["GET"]}}],"collection":[{"href":"https:\/\/www.valiosconsultora.com.py\/web\/wp-json\/wp\/v2\/pages"}],"about":[{"href":"https:\/\/www.valiosconsultora.com.py\/web\/wp-json\/wp\/v2\/types\/page"}],"author":[{"embeddable":true,"href":"https:\/\/www.valiosconsultora.com.py\/web\/wp-json\/wp\/v2\/users\/1"}],"replies":[{"embeddable":true,"href":"https:\/\/www.valiosconsultora.com.py\/web\/wp-json\/wp\/v2\/comments?post=498"}],"version-history":[{"count":30,"href":"https:\/\/www.valiosconsultora.com.py\/web\/wp-json\/wp\/v2\/pages\/498\/revisions"}],"predecessor-version":[{"id":2723,"href":"https:\/\/www.valiosconsultora.com.py\/web\/wp-json\/wp\/v2\/pages\/498\/revisions\/2723"}],"wp:attachment":[{"href":"https:\/\/www.valiosconsultora.com.py\/web\/wp-json\/wp\/v2\/media?parent=498"}],"curies":[{"name":"wp","href":"https:\/\/api.w.org\/{rel}","templated":true}]}}